2/2 - 7*d + 52. Calculate c(-9).
1
Let p be (-594)/(-26) - ((-1015)/91 - -11). Let r(j) = -j + p*j + 6 - 7*j - 7*j. Calculate r(-4).
-26
Let d = 5814 + -5808. Suppose -u + 3 = 2*k - 0*k, -u + 5*k = -3. Suppose -5*l - 20 = -t + d*t, -5*l - 16 = u*t. Let b(g) = 2*g + 1. Calculate b(t).
-3
Let u = -2 + 2. Let w(y) = -639*y**2 - 25*y**3 + 640*y**2 + 44*y**3 - 15 - 20*y**3. Determine w(u).
-15
Let v(x) = -x**2 - 166*x - 1422. Let j be v(-157). Let p(z) = -2*z**2 - 23*z - 32. Calculate p(j).
13
Let w = -7 - -11. Let n(u) = -7*u - 36. Let l(p) be the second derivative of p**3/2 + 17*p**2/2 + p + 72. Let s(g) = -13*l(g) - 6*n(g). Determine s(w).
7
Let t(r) = -r**2 + 6*r - 5. Let g be 35/5*(-12)/(-14). Suppose -3*b + 36 = -g. Suppose -b*z + 24 = -10*z. Calculate t(z).
-5
Let r(b) = -1291*b**2 - 33*b**3 + 11*b - 35 + 1304*b**2 + 31*b**3. Give r(7).
-7
Let q(w) be the first derivative of -2*w**4 + w**3/3 + w**2/2 - 2*w - 969. What is q(2)?
-60
Suppose 2*q - z = 983, -z + 1268 = 4*q - 689. Let n = -495 + q. Let l(r) = -3*r**2 - 6*r - 5. Give l(n).
-50
Let i(c) be the first derivative of c**4/4 - 5*c**3/3 - c**2/2 + 5*c - 13565. Suppose 3*t - 21 = -0*t. Suppose -w + t = 2. Calculate i(w).
0
Let s(g) be the second derivative of 49*g**3/6 - 288*g**2 - 6910*g. Give s(12).
12
Let l be (-4)/(-14) - 28/98. Let f(v) = -v - 4. Let m be f(-7). Let r(d) = d**m - 2*d - 6 - d**2 + 4 + d - 4. Give r(l).
-6
Suppose 44 = 4*a - 25*x + 20*x, 3*x = 5*a - 42. Let w(u) = -4*u + 13. What is w(a)?
-11
Let c(s) = -s**3 + s**2 + 3*s + 2. Let o(v) = -v**3 - v**2 + 39 - 12*v + 30 - 16*v**2. Let i be o(-16). Suppose 3 = y, -g + 0*y - 12 = -i*y. Calculate c(g).
-7
Suppose -5*i + 4*u - 3 = -24, 0 = 4*i - u - 19. Let b(l) = l**2 + 11*l - 5. Let c(f) = 3*f**2 + 23*f - 9. Let x(s) = i*b(s) - 2*c(s). Calculate x(9).
-7
Let f = -49 - -54. Suppose 12 = -n - 3*q, -4*q = f*n - 0*n + 5. Let v(m) = -n*m**2 + 5*m**2 - m**2 - 5 - 7*m. Give v(6).
-11
Let u(d) = -d**2 - 14*d - 58. Let s(t) = -2*t**3 + 22*t**2 + 104*t - 966. Let q be s(12). What is u(q)?
-10
Let o(j) = -103*j + 1. Suppose -5 = -2*q - 7 + 4. Determine o(q).
-102
Let h(o) = 3*o**2 + o + 1. Let l(y) = 13*y**2 + 11*y + 5. Let j(i) = 6*i**2 + 6*i + 2. Let a(u) = 7*j(u) - 3*l(u). Let c be a(3). Let p = c - 54. What is h(p)?
3
Let z(a) = 76*a**2 - 7*a - 16*a - 38*a**2 - 39*a**2 + 21. Calculate z(-23).
21
Let h be (-70)/21*9/(-6). Suppose 3*q = -h + 20. Suppose 0*d + 4*d - 8 = 0, -y - q*d = -13. Let n(m) = m**3 - 2*m**2 - m + 3. Calculate n(y).
9
Let d(z) = 3*z**3 - 12*z**2 + 8*z + 7. Let i(c) = 13*c**3 - 49*c**2 + 31*c + 25. Let b(k) = 17*d(k) - 4*i(k). Let o = 373 - 382. Determine b(o).
-8
Let p = 1635 + -1642. Let n(f) = 7*f**2 + 19*f + 15. Let o(z) = 4*z**2 + 10*z + 8. Let y(c) = 3*n(c) - 5*o(c). What is y(p)?
5
Let j be (-4)/34 + 1/17*-15. Let s(m) = 0 + 2 - 4*m**2 + 7*m - 10*m + 6*m. Calculate s(j).
-5
Let w(a) be the second derivative of -a**4/12 + 5*a**3/3 - 9*a**2/2 - a + 1054. Determine w(6).
15
Let m(o) = -3*o**2 + 11*o - 5. Suppose -158*u + 160*u = -4*n + 12, u - 4*n = 0. Calculate m(u).
-9
Suppose 10*b - 22 = -32. Let c(y) = -103*y**2 + 24*y + 7. Let k(u) = 51*u**2 - 10*u - 3. Let h(n) = 2*c(n) + 5*k(n). Determine h(b).
50
Let c be 2814/27 - 3/(-108)*-8. Let s = -98 + c. Let r(n) = n + 5. Give r(s).
11
Let f(w) be the third derivative of -w**4/8 + 11*w**3/6 - 9*w**2. Let b be f(3). Let l(u) = u**2 - 14 - b*u**2 - u - 5 + u**3 + 15. Calculate l(0).
-4
Let g(b) be the first derivative of b**4/4 - 7*b**3/3 - 7*b**2 - 5*b - 2457. Determine g(8).
-53
Let t = -320 - -322. Let w(f) = -4*f**2 + 106*f**3 + 11*f**t - 107*f**3 - 3 + 2 - 7*f. Suppose -4*b + 0 = 3*y + 2, 0 = 2*y - 2*b - 22. Calculate w(y).
-7
Let c be 28/35*5 + 92. Suppose c*u = 98*u + 6. Let i(v) = -5*v - 8. Give i(u).
7
Let y(j) = 3*j**2 - 7*j + 6. Suppose 3*q + 3*o + 3 = 0, -4*q + 5*o + 3 = -38. Let k(s) = -7*s**2 + 13*s - 11. Let v(n) = q*k(n) + 9*y(n). Give v(-10).
20
Let m(p) = 4*p**3 - p**2 + 3*p + 2. Let d be m(0). Let w(q) = 163 - 324 - 6*q**d + q - q**3 + 164. Let u(x) = x**2 + 7*x + 6. Let g be u(-4). Calculate w(g).
-3
Let a(w) = -w. Let v = -206 - -205. Let o(j) = -j + 4. Let p(b) = v*o(b) + 2*a(b). Suppose -4*u + 21 = -3*x, 18 = 3*u - 2*x + 2. Calculate p(u).
-10
Let x(f) be the second derivative of f**4/12 - f**3/6 + 7*f**2/2 - 541*f - 2. Give x(-7).
63
Let i(v) = -17*v + 6. Let r(z) = 9*z - 3. Let l(h) = -6*i(h) - 11*r(h). Let u = -28782 - -28785. Determine l(u).
6
Let f(h) = -307*h + 1540. Let s be f(5). Let k(m) = -m + 7. What is k(s)?
2
Let r(d) = -1092*d**2 + 1094*d**2 - 6 - 20*d + 15. What is r(8)?
-23
Let b(x) = -2 - 2*x + 3 + 3*x. Let p(c) = 2*c**2 - 72*c - 75. Let o be p(37). What is b(o)?
0
Let o(w) = -w**3 + w + 2. Let h be o(2). Let s be ((-1)/3)/(h/(-12)). Let l be (0 + -3)/(s/2). Let v(x) = x**2 - 7*x + 1. Calculate v(l).
-5
Let k(a) be the third derivative of 1/6*a**4 + 1/2*a**3 - 1/120*a**6 + 1/60*a**5 + 0 + 0*a - 28*a**2. Give k(-2).
7
Let z(c) = 3*c + 11. Suppose 4*b - 5*t = 37, -8 - 6 = 2*b + 4*t. Suppose 0 = -6*i + b*i - 45. Let u be 123/i - (-10)/50. Give z(u).
-13
Let n(z) = 2*z**3 - 24*z**2 + 2*z - 16. Let h be n(12). Let l(m) = 7*m - 6*m - 3*m + h + 0. Give l(6).
-4
Let f(c) = -c**2 - 24*c - 94. Let p be 1/28 + 111397/(-5852). Determine f(p).
1
Let u(p) = -2*p + 1142 - 574 - 578. Calculate u(5).
-20
Suppose 0 = -4*w + 4*o + o + 706, -4*o = -3*w + 530. Suppose 2 = -11*j - w. Let t(q) = -q - 16. What is t(j)?
0
Let x(s) = 422*s + 103. Let f(l) = -247*l - 62. Let w(y) = -12*f(y) - 7*x(y). Give w(-2).
3
Let l(u) = 3*u**2 + 4*u**2 - 9*u**2 - 4 + 6*u**2 + 3. What is l(1)?
3
Suppose 8 = 4*m, -5*m = -2*a - 0 - 12. Let c be 12/4*a + 7. Let o(f) = -c*f - 41 + 5*f + 43. Give o(-1).
1
Let s(b) = -b**3 + 20*b**2 - 15*b - 84. Let h = -25366 - -25385. What is s(h)?
-8
Let w(g) = -17*g - 13. Let z be w(-2). Let q(b) = 43 - 3*b - 25 - z + b. Suppose -196 = -h - 199. Determine q(h).
3
Let q be (-1)/(-7)*1 + (-350)/49. Let h(g) be the third derivative of g**4/24 + 4*g**3/3 - 35*g**2. What is h(q)?
1
Let g(v) = -17*v**2 - 289*v + 4. Let s be g(-17). Let w = -4 - -5. Suppose 4*t + 0*t + s*x = 0, -x - w = 2*t. Let u(d) = -6*d - 1. Give u(t).
5
Suppose 126*y - 129*y = -5*v - 14, -5*y - 2*v + 13 = 0. Let z(w) = -4*w**2 + 8*w + 4. Calculate z(y).
-8
Let p(s) = 0*s**3 - 2*s**3 + s**3 + 4*s**2 - 2*s + 1. Let b = 54 - 167. Let h = b + 116. Give p(h).
4
Let r(z) = -16*z - 21*z - 2 + 52*z - 14*z. What is r(-4)?
-6
Let c(b) be the third derivative of 0 + 1/24*b**4 + 11/6*b**3 - 2*b**2 + 0*b. Suppose -8 = 4*s, -s = -2*i + 3*i + 2. What is c(i)?
11
Let v = -464 - -462. Let h(f) = 22*f + 4 - 1 - 43*f + 22*f. What is h(v)?
1
Let u(w) = -w**3 - 6*w**2 + 13*w + 27. Let q(n) = 222*n + 1324. Let g be q(-6). Give u(g).
51
Suppose 0 = 15*n - 19*n + 8. Let p(c) = 0*c**2 - 4 + 17*c + c**n - 23*c - 5. Suppose 4*y - 4*k - 8 = 0, 5*k = 3*y + 3 + 1. Determine p(y).
-2
Suppose 0 = -l + 6 + 9. Let u be (40/l + -2)*(-54)/(-4). Let b(s) = -11 - 3 + 9*s**2 + 2 + 2*s + 4*s**3 - 5*s**3. What is b(u)?
6
Let l(a) be the third derivative of a**6/120 - 13*a**5/60 + 11*a**4/24 + 13*a**3/3 - 10*a**2 + 87*a. Determine l(12).
14
Suppose 4*z = -5*o - 61, 5*o + 42 = 3*z + 9. Let s(m) = -301*m - 57. Let w(v) = 134*v + 27. Let r(h) = 4*s(h) + 9*w(h). Give r(o).
-3
Let p(l) = 2*l**2 + 30*l + 56. Let m be (-50)/180*-9 - 9/2. Determine p(m).
4
Let x(u) = -u**3 - 2*u - 5. Suppose -85 = -10*g + 110*g + 115. Determine x(g).
7
Suppose 6 + 45 = 3*f. Suppose -5*z - 3*k - 27 = 0, -3*k = 3*z - k + f. Let t(i) = 6 - 12 + 5 + i + 2*i. Give t(z).
-10
Let l = -1853 - -1848. Let v(u) = -16*u - 77. Determine v(l).
3
Suppose 65*r - 21*r - 202 = -57*r. Let i(a) = -3*a**3 - 4*a**2 + a + 1. Let m(o) = o**3 + o**2 + o + 1. Let z(b) = -i(b) - m(b). What is z(r)?
22
Let g(s) = 3*s + 2. Let t be (2216/38780)/(2/70). Give g(t).
8
Let k(p) = 3*p**3 - 5*p**2 - 10*p - 3. Let u be 11/33*(4/(-26) - 230/26). Calculate k(u).
-99
Let j(t) = -71*t - 91*t + t**2 - 72*t + 7 + 249*t. What is j(-13)?
-19
Let p = -301 + 415. Let i = p - 126. Let u(l) = -l - 7. Give u(i).
5
Let z(s) = -2*s**2 - 8*s + 2. Suppose 0 = -17*g - 240 + 172. Calculate z(g).
2
Let h(f) be the third derivative of f**4/6 + 11*f**3/2 + 268*f**2 + 2. Calculate h(-8